{"id":3018,"date":"2021-06-13T19:17:13","date_gmt":"2021-06-13T19:17:13","guid":{"rendered":"http:\/\/test.srtrier.de\/?page_id=3018"},"modified":"2026-04-28T19:09:43","modified_gmt":"2026-04-28T17:09:43","slug":"foerderpartner","status":"publish","type":"page","link":"https:\/\/srtrier.de\/?page_id=3018","title":{"rendered":"Partner"},"content":{"rendered":"<p><div class=\"fusion-fullwidth fullwidth-box fusion-builder-row-1 fusion-flex-container has-pattern-background has-mask-background nonhundred-percent-fullwidth non-hundred-percent-height-scrolling\" style=\"--awb-border-radius-top-left:0px;--awb-border-radius-top-right:0px;--awb-border-radius-bottom-right:0px;--awb-border-radius-bottom-left:0px;--awb-margin-bottom:43px;--awb-background-color:#f2f2f2;--awb-flex-wrap:wrap;\" ><div class=\"fusion-builder-row fusion-row fusion-flex-align-items-center fusion-flex-justify-content-center fusion-flex-content-wrap\" style=\"max-width:1372.8px;margin-left: calc(-4% \/ 2 );margin-right: calc(-4% \/ 2 );\"><div class=\"fusion-layout-column fusion_builder_column fusion-builder-column-0 fusion_builder_column_1_3 1_3 fusion-flex-column\" style=\"--awb-bg-size:cover;--awb-width-large:33.333333333333%;--awb-margin-top-large:20px;--awb-spacing-right-large:5.76%;--awb-margin-bottom-large:20px;--awb-spacing-left-large:5.76%;--awb-width-medium:33.333333333333%;--awb-order-medium:0;--awb-spacing-right-medium:5.76%;--awb-spacing-left-medium:5.76%;--awb-width-small:100%;--awb-order-small:0;--awb-spacing-right-small:1.92%;--awb-spacing-left-small:1.92%;\"><div class=\"fusion-column-wrapper fusion-column-has-shadow fusion-flex-justify-content-flex-start fusion-content-layout-column\"><div class=\"fusion-image-element \" style=\"text-align:center;--awb-margin-bottom:20px;--awb-max-width:210px;--awb-caption-title-font-family:var(--h2_typography-font-family);--awb-caption-title-font-weight:var(--h2_typography-font-weight);--awb-caption-title-font-style:var(--h2_typography-font-style);--awb-caption-title-size:var(--h2_typography-font-size);--awb-caption-title-transform:var(--h2_typography-text-transform);--awb-caption-title-line-height:var(--h2_typography-line-height);--awb-caption-title-letter-spacing:var(--h2_typography-letter-spacing);\"><span class=\" fusion-imageframe imageframe-none imageframe-1 hover-type-none\"><a class=\"fusion-no-lightbox\" href=\"https:\/\/www.wohlleben-partner.de\/\" target=\"_blank\" aria-label=\"Logo-Dateien wohllebenundpartner 002_Transparent_Cut\" rel=\"noopener noreferrer\"><img decoding=\"async\" width=\"300\" height=\"122\" src=\"https:\/\/srtrier.de\/wp-content\/uploads\/2021\/12\/Logo-Dateien-wohllebenundpartner-002_Transparent_Cut.png\" data-orig-src=\"https:\/\/srtrier.de\/wp-content\/uploads\/2021\/12\/Logo-Dateien-wohllebenundpartner-002_Transparent_Cut-300x122.png\" alt class=\"lazyload img-responsive wp-image-3556\" srcset=\"data:image\/svg+xml,%3Csvg%20xmlns%3D%27http%3A%2F%2Fwww.w3.org%2F2000%2Fsvg%27%20width%3D%27890%27%20height%3D%27363%27%20viewBox%3D%270%200%20890%20363%27%3E%3Crect%20width%3D%27890%27%20height%3D%27363%27%20fill-opacity%3D%220%22%2F%3E%3C%2Fsvg%3E\" data-srcset=\"https:\/\/srtrier.de\/wp-content\/uploads\/2021\/12\/Logo-Dateien-wohllebenundpartner-002_Transparent_Cut-200x82.png 200w, https:\/\/srtrier.de\/wp-content\/uploads\/2021\/12\/Logo-Dateien-wohllebenundpartner-002_Transparent_Cut-400x163.png 400w, https:\/\/srtrier.de\/wp-content\/uploads\/2021\/12\/Logo-Dateien-wohllebenundpartner-002_Transparent_Cut-600x245.png 600w, https:\/\/srtrier.de\/wp-content\/uploads\/2021\/12\/Logo-Dateien-wohllebenundpartner-002_Transparent_Cut-800x326.png 800w, https:\/\/srtrier.de\/wp-content\/uploads\/2021\/12\/Logo-Dateien-wohllebenundpartner-002_Transparent_Cut.png 890w\" data-sizes=\"auto\" data-orig-sizes=\"(max-width: 640px) 100vw, 400px\" \/><\/a><\/span><\/div><div class=\"fusion-text fusion-text-1 notranslate\"><p style=\"text-align: center;\"><strong>&nbsp;Wohlleben und Partner<\/strong><\/p>\n<\/div><div class=\"fusion-text fusion-text-2\"><p style=\"text-align: center; font-size: 14px;\">Spezialisierte Rechtsanw\u00e4lte und Fachanw\u00e4lte in der Eifel-Mosel-Hunsr\u00fcck-Region. Die Kanzlei befindet sich in Trier, Zell und Kirchberg.<\/p>\n<\/div><\/div><\/div><\/div><\/div><div class=\"fusion-fullwidth fullwidth-box fusion-builder-row-2 fusion-flex-container nonhundred-percent-fullwidth non-hundred-percent-height-scrolling\" style=\"--awb-border-radius-top-left:0px;--awb-border-radius-top-right:0px;--awb-border-radius-bottom-right:0px;--awb-border-radius-bottom-left:0px;--awb-padding-bottom:174px;--awb-margin-bottom:167px;--awb-flex-wrap:wrap;\" ><div class=\"fusion-builder-row fusion-row fusion-flex-align-items-flex-start fusion-flex-content-wrap\" style=\"max-width:1372.8px;margin-left: calc(-4% \/ 2 );margin-right: calc(-4% \/ 2 );\"><div class=\"fusion-layout-column fusion_builder_column fusion-builder-column-1 fusion_builder_column_1_3 1_3 fusion-flex-column\" style=\"--awb-bg-size:cover;--awb-width-large:33.333333333333%;--awb-margin-top-large:20px;--awb-spacing-right-large:5.76%;--awb-margin-bottom-large:20px;--awb-spacing-left-large:5.76%;--awb-width-medium:33.333333333333%;--awb-order-medium:0;--awb-spacing-right-medium:5.76%;--awb-spacing-left-medium:5.76%;--awb-width-small:100%;--awb-order-small:0;--awb-spacing-right-small:1.92%;--awb-spacing-left-small:1.92%;\"><div class=\"fusion-column-wrapper fusion-column-has-shadow fusion-flex-justify-content-flex-start fusion-content-layout-column\"><div class=\"fusion-image-element \" style=\"text-align:center;--awb-margin-bottom:20px;--awb-max-width:300px;--awb-caption-title-font-family:var(--h2_typography-font-family);--awb-caption-title-font-weight:var(--h2_typography-font-weight);--awb-caption-title-font-style:var(--h2_typography-font-style);--awb-caption-title-size:var(--h2_typography-font-size);--awb-caption-title-transform:var(--h2_typography-text-transform);--awb-caption-title-line-height:var(--h2_typography-line-height);--awb-caption-title-letter-spacing:var(--h2_typography-letter-spacing);\"><span class=\" fusion-imageframe imageframe-none imageframe-2 hover-type-none\"><a class=\"fusion-no-lightbox\" href=\"https:\/\/www.cms-stiftung.de\" target=\"_blank\" aria-label=\"Logo CMS_Stiftung_4C-CMYC\" rel=\"noopener noreferrer\"><img decoding=\"async\" width=\"300\" height=\"58\" src=\"https:\/\/srtrier.de\/wp-content\/uploads\/2023\/07\/Logo-CMS_Stiftung_4C-CMYK-scaled.jpg\" data-orig-src=\"https:\/\/srtrier.de\/wp-content\/uploads\/2023\/07\/Logo-CMS_Stiftung_4C-CMYK-300x58.jpg\" alt class=\"lazyload img-responsive wp-image-4597\" srcset=\"data:image\/svg+xml,%3Csvg%20xmlns%3D%27http%3A%2F%2Fwww.w3.org%2F2000%2Fsvg%27%20width%3D%272560%27%20height%3D%27498%27%20viewBox%3D%270%200%202560%20498%27%3E%3Crect%20width%3D%272560%27%20height%3D%27498%27%20fill-opacity%3D%220%22%2F%3E%3C%2Fsvg%3E\" data-srcset=\"https:\/\/srtrier.de\/wp-content\/uploads\/2023\/07\/Logo-CMS_Stiftung_4C-CMYK-200x39.jpg 200w, https:\/\/srtrier.de\/wp-content\/uploads\/2023\/07\/Logo-CMS_Stiftung_4C-CMYK-400x78.jpg 400w, https:\/\/srtrier.de\/wp-content\/uploads\/2023\/07\/Logo-CMS_Stiftung_4C-CMYK-600x117.jpg 600w, https:\/\/srtrier.de\/wp-content\/uploads\/2023\/07\/Logo-CMS_Stiftung_4C-CMYK-800x156.jpg 800w, https:\/\/srtrier.de\/wp-content\/uploads\/2023\/07\/Logo-CMS_Stiftung_4C-CMYK-1200x233.jpg 1200w\" data-sizes=\"auto\" data-orig-sizes=\"(max-width: 640px) 100vw, 400px\" \/><\/a><\/span><\/div><div class=\"fusion-text fusion-text-3 notranslate\"><p style=\"text-align: center;\">CMS Stiftung<\/p>\n<\/div><\/div><\/div><div class=\"fusion-layout-column fusion_builder_column fusion-builder-column-2 fusion_builder_column_1_3 1_3 fusion-flex-column\" style=\"--awb-padding-bottom:17px;--awb-bg-size:cover;--awb-width-large:33.333333333333%;--awb-margin-top-large:20px;--awb-spacing-right-large:5.76%;--awb-margin-bottom-large:20px;--awb-spacing-left-large:5.76%;--awb-width-medium:33.333333333333%;--awb-order-medium:0;--awb-spacing-right-medium:5.76%;--awb-spacing-left-medium:5.76%;--awb-width-small:100%;--awb-order-small:0;--awb-spacing-right-small:1.92%;--awb-spacing-left-small:1.92%;\"><div class=\"fusion-column-wrapper fusion-column-has-shadow fusion-flex-justify-content-flex-start fusion-content-layout-column\"><div class=\"fusion-image-element \" style=\"text-align:center;--awb-margin-bottom:18px;--awb-max-width:130px;--awb-caption-title-font-family:var(--h2_typography-font-family);--awb-caption-title-font-weight:var(--h2_typography-font-weight);--awb-caption-title-font-style:var(--h2_typography-font-style);--awb-caption-title-size:var(--h2_typography-font-size);--awb-caption-title-transform:var(--h2_typography-text-transform);--awb-caption-title-line-height:var(--h2_typography-line-height);--awb-caption-title-letter-spacing:var(--h2_typography-letter-spacing);\"><span class=\" fusion-imageframe imageframe-none imageframe-3 hover-type-none\"><a class=\"fusion-no-lightbox\" href=\"https:\/\/ekkt.ekir.de\/index.php?id=858\" target=\"_blank\" aria-label=\"logodiakonie\" rel=\"noopener noreferrer\"><img decoding=\"async\" width=\"254\" height=\"172\" alt=\"Diakonie Trier\" src=\"https:\/\/srtrier.de\/wp-content\/uploads\/2022\/02\/logodiakonie.png\" data-orig-src=\"https:\/\/srtrier.de\/wp-content\/uploads\/2022\/02\/logodiakonie.png\" class=\"lazyload img-responsive wp-image-3777\" srcset=\"data:image\/svg+xml,%3Csvg%20xmlns%3D%27http%3A%2F%2Fwww.w3.org%2F2000%2Fsvg%27%20width%3D%27254%27%20height%3D%27172%27%20viewBox%3D%270%200%20254%20172%27%3E%3Crect%20width%3D%27254%27%20height%3D%27172%27%20fill-opacity%3D%220%22%2F%3E%3C%2Fsvg%3E\" data-srcset=\"https:\/\/srtrier.de\/wp-content\/uploads\/2022\/02\/logodiakonie-200x135.png 200w, https:\/\/srtrier.de\/wp-content\/uploads\/2022\/02\/logodiakonie.png 254w\" data-sizes=\"auto\" data-orig-sizes=\"(max-width: 640px) 100vw, 254px\" \/><\/a><\/span><\/div><div class=\"fusion-text fusion-text-4 notranslate\"><p style=\"text-align: center;\"><span style=\"color: var(--body_typography-color); font-family: var(--body_typography-font-family); font-size: var(--body_typography-font-size); font-style: var(--body_typography-font-style,normal); font-weight: var(--body_typography-font-weight); letter-spacing: var(--body_typography-letter-spacing);\">\u00a0Diakonie Trier<\/span><\/p>\n<\/div><\/div><\/div><div class=\"fusion-layout-column fusion_builder_column fusion-builder-column-3 fusion_builder_column_1_3 1_3 fusion-flex-column\" style=\"--awb-bg-size:cover;--awb-width-large:33.333333333333%;--awb-margin-top-large:20px;--awb-spacing-right-large:5.76%;--awb-margin-bottom-large:20px;--awb-spacing-left-large:5.76%;--awb-width-medium:33.333333333333%;--awb-order-medium:0;--awb-spacing-right-medium:5.76%;--awb-spacing-left-medium:5.76%;--awb-width-small:100%;--awb-order-small:0;--awb-spacing-right-small:1.92%;--awb-spacing-left-small:1.92%;\"><div class=\"fusion-column-wrapper fusion-column-has-shadow fusion-flex-justify-content-flex-start fusion-content-layout-column\"><div class=\"fusion-image-element \" style=\"text-align:center;--awb-margin-bottom:23px;--awb-max-width:130px;--awb-caption-title-font-family:var(--h2_typography-font-family);--awb-caption-title-font-weight:var(--h2_typography-font-weight);--awb-caption-title-font-style:var(--h2_typography-font-style);--awb-caption-title-size:var(--h2_typography-font-size);--awb-caption-title-transform:var(--h2_typography-text-transform);--awb-caption-title-line-height:var(--h2_typography-line-height);--awb-caption-title-letter-spacing:var(--h2_typography-letter-spacing);\"><span class=\" fusion-imageframe imageframe-none imageframe-4 hover-type-none\"><a class=\"fusion-no-lightbox\" href=\"https:\/\/dachverband-srb.de\/\" target=\"_blank\" aria-label=\"Logo Standard\" rel=\"noopener noreferrer\"><img decoding=\"async\" width=\"300\" height=\"198\" src=\"https:\/\/srtrier.de\/wp-content\/uploads\/2021\/12\/Logo-Standard.png\" data-orig-src=\"https:\/\/srtrier.de\/wp-content\/uploads\/2021\/12\/Logo-Standard-300x198.png\" alt class=\"lazyload img-responsive wp-image-3634\" srcset=\"data:image\/svg+xml,%3Csvg%20xmlns%3D%27http%3A%2F%2Fwww.w3.org%2F2000%2Fsvg%27%20width%3D%274205%27%20height%3D%272774%27%20viewBox%3D%270%200%204205%202774%27%3E%3Crect%20width%3D%274205%27%20height%3D%272774%27%20fill-opacity%3D%220%22%2F%3E%3C%2Fsvg%3E\" data-srcset=\"https:\/\/srtrier.de\/wp-content\/uploads\/2021\/12\/Logo-Standard-200x132.png 200w, https:\/\/srtrier.de\/wp-content\/uploads\/2021\/12\/Logo-Standard-400x264.png 400w, https:\/\/srtrier.de\/wp-content\/uploads\/2021\/12\/Logo-Standard-600x396.png 600w, https:\/\/srtrier.de\/wp-content\/uploads\/2021\/12\/Logo-Standard-800x528.png 800w, https:\/\/srtrier.de\/wp-content\/uploads\/2021\/12\/Logo-Standard-1200x792.png 1200w\" data-sizes=\"auto\" data-orig-sizes=\"(max-width: 640px) 100vw, 400px\" \/><\/a><\/span><\/div><div class=\"fusion-text fusion-text-5 notranslate\"><p style=\"text-align: center;\">Dachverband Studentischer Rechtsberatungen<\/p>\n<\/div><\/div><\/div><div class=\"fusion-layout-column fusion_builder_column fusion-builder-column-4 fusion_builder_column_1_3 1_3 fusion-flex-column\" style=\"--awb-bg-size:cover;--awb-width-large:33.333333333333%;--awb-margin-top-large:20px;--awb-spacing-right-large:5.76%;--awb-margin-bottom-large:20px;--awb-spacing-left-large:5.76%;--awb-width-medium:33.333333333333%;--awb-order-medium:0;--awb-spacing-right-medium:5.76%;--awb-spacing-left-medium:5.76%;--awb-width-small:100%;--awb-order-small:0;--awb-spacing-right-small:1.92%;--awb-spacing-left-small:1.92%;\"><div class=\"fusion-column-wrapper fusion-column-has-shadow fusion-flex-justify-content-flex-start fusion-content-layout-column\"><div class=\"fusion-image-element \" style=\"text-align:center;--awb-margin-bottom:2px;--awb-max-width:150px;--awb-caption-title-font-family:var(--h2_typography-font-family);--awb-caption-title-font-weight:var(--h2_typography-font-weight);--awb-caption-title-font-style:var(--h2_typography-font-style);--awb-caption-title-size:var(--h2_typography-font-size);--awb-caption-title-transform:var(--h2_typography-text-transform);--awb-caption-title-line-height:var(--h2_typography-line-height);--awb-caption-title-letter-spacing:var(--h2_typography-letter-spacing);\"><span class=\" fusion-imageframe imageframe-none imageframe-5 hover-type-none\"><a class=\"fusion-no-lightbox\" href=\"https:\/\/www.asta-trier.de\/\" target=\"_blank\" aria-label=\"Logo\" rel=\"noopener noreferrer\"><img decoding=\"async\" width=\"300\" height=\"212\" src=\"https:\/\/srtrier.de\/wp-content\/uploads\/2022\/01\/Logo.png\" data-orig-src=\"https:\/\/srtrier.de\/wp-content\/uploads\/2022\/01\/Logo-300x212.png\" alt class=\"lazyload img-responsive wp-image-3692\" srcset=\"data:image\/svg+xml,%3Csvg%20xmlns%3D%27http%3A%2F%2Fwww.w3.org%2F2000%2Fsvg%27%20width%3D%271600%27%20height%3D%271131%27%20viewBox%3D%270%200%201600%201131%27%3E%3Crect%20width%3D%271600%27%20height%3D%271131%27%20fill-opacity%3D%220%22%2F%3E%3C%2Fsvg%3E\" data-srcset=\"https:\/\/srtrier.de\/wp-content\/uploads\/2022\/01\/Logo-200x141.png 200w, https:\/\/srtrier.de\/wp-content\/uploads\/2022\/01\/Logo-400x283.png 400w, https:\/\/srtrier.de\/wp-content\/uploads\/2022\/01\/Logo-600x424.png 600w, https:\/\/srtrier.de\/wp-content\/uploads\/2022\/01\/Logo-800x566.png 800w, https:\/\/srtrier.de\/wp-content\/uploads\/2022\/01\/Logo-1200x848.png 1200w, https:\/\/srtrier.de\/wp-content\/uploads\/2022\/01\/Logo.png 1600w\" data-sizes=\"auto\" data-orig-sizes=\"(max-width: 640px) 100vw, 400px\" \/><\/a><\/span><\/div><div class=\"fusion-text fusion-text-6 notranslate\"><p style=\"text-align: center;\">AStA der Universit\u00e4t Trier<\/p>\n<\/div><\/div><\/div><div class=\"fusion-layout-column fusion_builder_column fusion-builder-column-5 fusion_builder_column_1_3 1_3 fusion-flex-column\" style=\"--awb-bg-size:cover;--awb-width-large:33.333333333333%;--awb-margin-top-large:20px;--awb-spacing-right-large:5.76%;--awb-margin-bottom-large:20px;--awb-spacing-left-large:5.76%;--awb-width-medium:33.333333333333%;--awb-order-medium:0;--awb-spacing-right-medium:5.76%;--awb-spacing-left-medium:5.76%;--awb-width-small:100%;--awb-order-small:0;--awb-spacing-right-small:1.92%;--awb-spacing-left-small:1.92%;\"><div class=\"fusion-column-wrapper fusion-column-has-shadow fusion-flex-justify-content-flex-start fusion-content-layout-column\"><div class=\"fusion-image-element \" style=\"text-align:center;--awb-margin-bottom:2px;--awb-max-width:180px;--awb-caption-title-font-family:var(--h2_typography-font-family);--awb-caption-title-font-weight:var(--h2_typography-font-weight);--awb-caption-title-font-style:var(--h2_typography-font-style);--awb-caption-title-size:var(--h2_typography-font-size);--awb-caption-title-transform:var(--h2_typography-text-transform);--awb-caption-title-line-height:var(--h2_typography-line-height);--awb-caption-title-letter-spacing:var(--h2_typography-letter-spacing);\"><span class=\" fusion-imageframe imageframe-none imageframe-6 hover-type-none\"><a class=\"fusion-no-lightbox\" href=\"https:\/\/zap-hosting.com\/de\/\" target=\"_blank\" aria-label=\"zap-logo-1920&#215;1080-hd-trans-black\" rel=\"noopener noreferrer\"><img decoding=\"async\" width=\"300\" height=\"169\" src=\"https:\/\/srtrier.de\/wp-content\/uploads\/2022\/03\/zap-logo-1920x1080-hd-trans-black.png\" data-orig-src=\"https:\/\/srtrier.de\/wp-content\/uploads\/2022\/03\/zap-logo-1920x1080-hd-trans-black-300x169.png\" alt class=\"lazyload img-responsive wp-image-3860\" srcset=\"data:image\/svg+xml,%3Csvg%20xmlns%3D%27http%3A%2F%2Fwww.w3.org%2F2000%2Fsvg%27%20width%3D%271920%27%20height%3D%271080%27%20viewBox%3D%270%200%201920%201080%27%3E%3Crect%20width%3D%271920%27%20height%3D%271080%27%20fill-opacity%3D%220%22%2F%3E%3C%2Fsvg%3E\" data-srcset=\"https:\/\/srtrier.de\/wp-content\/uploads\/2022\/03\/zap-logo-1920x1080-hd-trans-black-200x113.png 200w, https:\/\/srtrier.de\/wp-content\/uploads\/2022\/03\/zap-logo-1920x1080-hd-trans-black-400x225.png 400w, https:\/\/srtrier.de\/wp-content\/uploads\/2022\/03\/zap-logo-1920x1080-hd-trans-black-600x338.png 600w, https:\/\/srtrier.de\/wp-content\/uploads\/2022\/03\/zap-logo-1920x1080-hd-trans-black-800x450.png 800w, https:\/\/srtrier.de\/wp-content\/uploads\/2022\/03\/zap-logo-1920x1080-hd-trans-black-1200x675.png 1200w, https:\/\/srtrier.de\/wp-content\/uploads\/2022\/03\/zap-logo-1920x1080-hd-trans-black.png 1920w\" data-sizes=\"auto\" data-orig-sizes=\"(max-width: 640px) 100vw, 400px\" \/><\/a><\/span><\/div><div class=\"fusion-text fusion-text-7 notranslate\"><p style=\"text-align: center;\">ZAP Hosting<\/p>\n<\/div><\/div><\/div><\/div><\/div><div class=\"fusion-fullwidth fullwidth-box fusion-builder-row-3 fusion-flex-container nonhundred-percent-fullwidth non-hundred-percent-height-scrolling\" style=\"--awb-border-radius-top-left:0px;--awb-border-radius-top-right:0px;--awb-border-radius-bottom-right:0px;--awb-border-radius-bottom-left:0px;--awb-padding-top:0px;--awb-padding-bottom:14px;--awb-margin-top:0px;--awb-margin-bottom:0px;--awb-flex-wrap:wrap;\" ><div class=\"fusion-builder-row fusion-row fusion-flex-align-items-flex-start fusion-flex-content-wrap\" style=\"max-width:1372.8px;margin-left: calc(-4% \/ 2 );margin-right: calc(-4% \/ 2 );\"><div class=\"fusion-layout-column fusion_builder_column fusion-builder-column-6 fusion_builder_column_1_1 1_1 fusion-flex-column\" style=\"--awb-bg-size:cover;--awb-width-large:100%;--awb-margin-top-large:20px;--awb-spacing-right-large:1.92%;--awb-margin-bottom-large:20px;--awb-spacing-left-large:1.92%;--awb-width-medium:100%;--awb-order-medium:0;--awb-spacing-right-medium:1.92%;--awb-spacing-left-medium:1.92%;--awb-width-small:100%;--awb-order-small:0;--awb-spacing-right-small:1.92%;--awb-spacing-left-small:1.92%;\"><div class=\"fusion-column-wrapper fusion-column-has-shadow fusion-flex-justify-content-flex-start fusion-content-layout-column\"><div class=\"fusion-text fusion-text-8\" style=\"--awb-content-alignment:center;\"><p>Wir freuen uns sehr auf eine Kooperation mit Ihnen. Kontaktieren Sie uns unter: info@srtrier.de.<\/p>\n<\/div><\/div><\/div><\/div><\/div><\/p>\n","protected":false},"excerpt":{"rendered":"","protected":false},"author":1,"featured_media":0,"parent":0,"menu_order":0,"comment_status":"open","ping_status":"closed","template":"","meta":{"_bbp_topic_count":0,"_bbp_reply_count":0,"_bbp_total_topic_count":0,"_bbp_total_reply_count":0,"_bbp_voice_count":0,"_bbp_anonymous_reply_count":0,"_bbp_topic_count_hidden":0,"_bbp_reply_count_hidden":0,"_bbp_forum_subforum_count":0,"footnotes":""},"class_list":["post-3018","page","type-page","status-publish","hentry"],"yoast_head":"<!-- This site is optimized with the Yoast SEO plugin v27.0 - https:\/\/yoast.com\/product\/yoast-seo-wordpress\/ -->\n<title>Partner - Studentische Rechtsberatung Trier<\/title>\n<meta name=\"robots\" content=\"index, follow, max-snippet:-1, max-image-preview:large, max-video-preview:-1\" \/>\n<link rel=\"canonical\" href=\"https:\/\/srtrier.de\/?page_id=3018\" \/>\n<meta property=\"og:locale\" content=\"de_DE\" \/>\n<meta property=\"og:type\" content=\"article\" \/>\n<meta property=\"og:title\" content=\"Partner - Studentische Rechtsberatung Trier\" \/>\n<meta property=\"og:url\" content=\"https:\/\/srtrier.de\/?page_id=3018\" \/>\n<meta property=\"og:site_name\" content=\"Studentische Rechtsberatung Trier\" \/>\n<meta property=\"article:modified_time\" content=\"2026-04-28T17:09:43+00:00\" \/>\n<meta name=\"twitter:card\" content=\"summary_large_image\" \/>\n<meta name=\"twitter:label1\" content=\"Gesch\u00e4tzte Lesezeit\" \/>\n\t<meta name=\"twitter:data1\" content=\"7\u00a0Minuten\" \/>\n<script type=\"application\/ld+json\" class=\"yoast-schema-graph\">{\"@context\":\"https:\/\/schema.org\",\"@graph\":[{\"@type\":\"WebPage\",\"@id\":\"https:\/\/srtrier.de\/?page_id=3018\",\"url\":\"https:\/\/srtrier.de\/?page_id=3018\",\"name\":\"Partner - Studentische Rechtsberatung Trier\",\"isPartOf\":{\"@id\":\"https:\/\/srtrier.de\/#website\"},\"datePublished\":\"2021-06-13T19:17:13+00:00\",\"dateModified\":\"2026-04-28T17:09:43+00:00\",\"breadcrumb\":{\"@id\":\"https:\/\/srtrier.de\/?page_id=3018#breadcrumb\"},\"inLanguage\":\"de\",\"potentialAction\":[{\"@type\":\"ReadAction\",\"target\":[\"https:\/\/srtrier.de\/?page_id=3018\"]}]},{\"@type\":\"BreadcrumbList\",\"@id\":\"https:\/\/srtrier.de\/?page_id=3018#breadcrumb\",\"itemListElement\":[{\"@type\":\"ListItem\",\"position\":1,\"name\":\"Startseite\",\"item\":\"https:\/\/srtrier.de\/\"},{\"@type\":\"ListItem\",\"position\":2,\"name\":\"Partner\"}]},{\"@type\":\"WebSite\",\"@id\":\"https:\/\/srtrier.de\/#website\",\"url\":\"https:\/\/srtrier.de\/\",\"name\":\"Studentische Rechtsberatung Trier\",\"description\":\"\",\"publisher\":{\"@id\":\"https:\/\/srtrier.de\/#organization\"},\"potentialAction\":[{\"@type\":\"SearchAction\",\"target\":{\"@type\":\"EntryPoint\",\"urlTemplate\":\"https:\/\/srtrier.de\/?s={search_term_string}\"},\"query-input\":{\"@type\":\"PropertyValueSpecification\",\"valueRequired\":true,\"valueName\":\"search_term_string\"}}],\"inLanguage\":\"de\"},{\"@type\":\"Organization\",\"@id\":\"https:\/\/srtrier.de\/#organization\",\"name\":\"Studentische Rechtsberatung Trier\",\"url\":\"https:\/\/srtrier.de\/\",\"logo\":{\"@type\":\"ImageObject\",\"inLanguage\":\"de\",\"@id\":\"https:\/\/srtrier.de\/#\/schema\/logo\/image\/\",\"url\":\"https:\/\/srtrier.de\/wp-content\/uploads\/2022\/07\/Logo_Mittelgross-2.png\",\"contentUrl\":\"https:\/\/srtrier.de\/wp-content\/uploads\/2022\/07\/Logo_Mittelgross-2.png\",\"width\":600,\"height\":340,\"caption\":\"Studentische Rechtsberatung Trier\"},\"image\":{\"@id\":\"https:\/\/srtrier.de\/#\/schema\/logo\/image\/\"},\"sameAs\":[\"https:\/\/www.instagram.com\/srtrier\/\"]}]}<\/script>\n<!-- \/ Yoast SEO plugin. -->","yoast_head_json":{"title":"Partner - Studentische Rechtsberatung Trier","robots":{"index":"index","follow":"follow","max-snippet":"max-snippet:-1","max-image-preview":"max-image-preview:large","max-video-preview":"max-video-preview:-1"},"canonical":"https:\/\/srtrier.de\/?page_id=3018","og_locale":"de_DE","og_type":"article","og_title":"Partner - Studentische Rechtsberatung Trier","og_url":"https:\/\/srtrier.de\/?page_id=3018","og_site_name":"Studentische Rechtsberatung Trier","article_modified_time":"2026-04-28T17:09:43+00:00","twitter_card":"summary_large_image","twitter_misc":{"Gesch\u00e4tzte Lesezeit":"7\u00a0Minuten"},"schema":{"@context":"https:\/\/schema.org","@graph":[{"@type":"WebPage","@id":"https:\/\/srtrier.de\/?page_id=3018","url":"https:\/\/srtrier.de\/?page_id=3018","name":"Partner - Studentische Rechtsberatung Trier","isPartOf":{"@id":"https:\/\/srtrier.de\/#website"},"datePublished":"2021-06-13T19:17:13+00:00","dateModified":"2026-04-28T17:09:43+00:00","breadcrumb":{"@id":"https:\/\/srtrier.de\/?page_id=3018#breadcrumb"},"inLanguage":"de","potentialAction":[{"@type":"ReadAction","target":["https:\/\/srtrier.de\/?page_id=3018"]}]},{"@type":"BreadcrumbList","@id":"https:\/\/srtrier.de\/?page_id=3018#breadcrumb","itemListElement":[{"@type":"ListItem","position":1,"name":"Startseite","item":"https:\/\/srtrier.de\/"},{"@type":"ListItem","position":2,"name":"Partner"}]},{"@type":"WebSite","@id":"https:\/\/srtrier.de\/#website","url":"https:\/\/srtrier.de\/","name":"Studentische Rechtsberatung Trier","description":"","publisher":{"@id":"https:\/\/srtrier.de\/#organization"},"potentialAction":[{"@type":"SearchAction","target":{"@type":"EntryPoint","urlTemplate":"https:\/\/srtrier.de\/?s={search_term_string}"},"query-input":{"@type":"PropertyValueSpecification","valueRequired":true,"valueName":"search_term_string"}}],"inLanguage":"de"},{"@type":"Organization","@id":"https:\/\/srtrier.de\/#organization","name":"Studentische Rechtsberatung Trier","url":"https:\/\/srtrier.de\/","logo":{"@type":"ImageObject","inLanguage":"de","@id":"https:\/\/srtrier.de\/#\/schema\/logo\/image\/","url":"https:\/\/srtrier.de\/wp-content\/uploads\/2022\/07\/Logo_Mittelgross-2.png","contentUrl":"https:\/\/srtrier.de\/wp-content\/uploads\/2022\/07\/Logo_Mittelgross-2.png","width":600,"height":340,"caption":"Studentische Rechtsberatung Trier"},"image":{"@id":"https:\/\/srtrier.de\/#\/schema\/logo\/image\/"},"sameAs":["https:\/\/www.instagram.com\/srtrier\/"]}]}},"_links":{"self":[{"href":"https:\/\/srtrier.de\/index.php?rest_route=\/wp\/v2\/pages\/3018","targetHints":{"allow":["GET"]}}],"collection":[{"href":"https:\/\/srtrier.de\/index.php?rest_route=\/wp\/v2\/pages"}],"about":[{"href":"https:\/\/srtrier.de\/index.php?rest_route=\/wp\/v2\/types\/page"}],"author":[{"embeddable":true,"href":"https:\/\/srtrier.de\/index.php?rest_route=\/wp\/v2\/users\/1"}],"replies":[{"embeddable":true,"href":"https:\/\/srtrier.de\/index.php?rest_route=%2Fwp%2Fv2%2Fcomments&post=3018"}],"version-history":[{"count":7,"href":"https:\/\/srtrier.de\/index.php?rest_route=\/wp\/v2\/pages\/3018\/revisions"}],"predecessor-version":[{"id":5407,"href":"https:\/\/srtrier.de\/index.php?rest_route=\/wp\/v2\/pages\/3018\/revisions\/5407"}],"wp:attachment":[{"href":"https:\/\/srtrier.de\/index.php?rest_route=%2Fwp%2Fv2%2Fmedia&parent=3018"}],"curies":[{"name":"wp","href":"https:\/\/api.w.org\/{rel}","templated":true}]}}